he hundred thousands digit of 41513270?
5
What is the billions digit of 1689382140?
1
What is the units digit of 31095303?
3
What is the ten millions digit of 132553830?
3
What is the hundreds digit of 70109844?
8
What is the hundreds digit of 9906167?
1
What is the tens digit of 208270438?
3
What is the hundred millions digit of 1468657164?
4
What is the tens digit of 3582174554?
5
What is the ten millions digit of 630251640?
3
What is the hundred thousands digit of 7580642?
5
What is the hundreds digit of 299019100?
1
What is the hundred thousands digit of 79362457?
3
What is the thousands digit of 2680910508?
0
What is the thousands digit of 27466368?
6
What is the hundred thousands digit of 28629480?
6
What is the hundred millions digit of 221091206?
2
What is the units digit of 9333034?
4
What is the ten thousands digit of 195650581?
5
What is the thousands digit of 17533048?
3
What is the hundreds digit of 5460774?
7
What is the tens digit of 126383897?
9
What is the hundred millions digit of 287492187?
2
What is the ten millions digit of 35283988?
3
What is the millions digit of 825841959?
5
What is the hundred thousands digit of 27119248?
1
What is the tens digit of 50059602?
0
What is the units digit of 520042704?
4
What is the millions digit of 4195068287?
5
What is the hundreds digit of 22425338?
3
What is the hundred thousands digit of 115704917?
7
What is the millions digit of 376028306?
6
What is the hundreds digit of 245969345?
3
What is the hundreds digit of 108290811?
8
What is the hundreds digit of 315769363?
3
What is the thousands digit of 961103?
1
What is the hundred thousands digit of 45162946?
1
What is the ten millions digit of 5492593939?
9
What is the ten thousands digit of 269626092?
2
What is the units digit of 537592878?
8
What is the units digit of 216950648?
8
What is the units digit of 119603947?
7
What is the tens digit of 300752279?
7
What is the hundred millions digit of 2076989148?
0
What is the ten thousands digit of 5713207?
1
What is the hundreds digit of 738186205?
2
What is the units digit of 14639524?
4
What is the hundred thousands digit of 3915051403?
0
What is the ten thousands digit of 493482985?
8
What is the ten millions digit of 74551094?
7
What is the millions digit of 9218263?
9
What is the hundred thousands digit of 1748521883?
5
What is the tens digit of 86377628?
2
What is the millions digit of 27484228?
7
What is the tens digit of 1116835870?
7
What is the ten millions digit of 182047888?
8
What is the millions digit of 5523908451?
3
What is the ten thousands digit of 7061481321?
8
What is the ten thousands digit of 303029164?
2
What is the units digit of 21185842?
2
What is the thousands digit of 243115925?
5
What is the millions digit of 992256353?
2
What is the millions digit of 482008358?
2
What is the ten millions digit of 125649244?
2
What is the hundreds digit of 108763870?
8
What is the thousands digit of 1071929272?
9
What is the hundreds digit of 446370683?
6
What is the ten millions digit of 1819207335?
1
What is the tens digit of 464295195?
9
What is the ten millions digit of 57841160?
5
What is the ten thousands digit of 261052226?
5
What is the thousands digit of 3459883072?
3
What is the billions digit of 3212708454?
3
What is the millions digit of 951063562?
1
What is the units digit of 132289461?
1
What is the millions digit of 88417512?
8
What is the ten thousands digit of 506683879?
8
What is the tens digit of 56751875?
7
What is the ten millions digit of 37911942?
3
What is the thousands digit of 54696230?
6
What is the ten millions digit of 67852304?
6
What is the tens digit of 1594991658?
5
What is the hundred millions digit of 722267706?
7
What is the billions digit of 2131210157?
2
What is the tens digit of 67855299?
9
What is the tens digit of 16661173?
7
What is the ten millions digit of 1694482728?
9
What is the millions digit of 98588391?
8
What is the hundred millions digit of 162845327?
1
What is the units digit of 18275169?
9
What is the hundred millions digit of 120280511?
1
What is the ten thousands digit of 81783198?
8
What is the hundreds digit of 939428663?
6
What is the ten millions digit of 70883283?
7
What is the units digit of 79343177?
7
What is the hundred thousands digit of 627890299?
8
What is the ten thousands digit of 131058119?
5
What is the thousands digit of 83963511?
3
What is the billions digit of 2773209062?
2
What is the thousands digit of 58549427?
9
What is the units digit of 67914099?
9
What is the units digit of 38939405?
5
What is the hundreds digit of 80748761?
7
What is the tens digit of 89502302?
0
What is the tens digit of 14954768?
6
What is the millions digit of 1513552071?
3
What is the millions digit of 2413718846?
3
What is the millions digit of 540882014?
0
What is the ten millions digit of 26732427?
2
What is the thousands digit of 91399941?
9
What is the tens digit of 39475136?
3
What is the ten millions digit of 63050165?
6
What is the hundreds digit of 1220439887?
8
What is the ten millions digit of 621875624?
2
What is the ten millions digit of 127769433?
2
What is the hundreds digit of 23230366?
3
What is the millions digit of 10586870?
0
What is the thousands digit of 2993804935?
4
What is the millions digit of 2685656556?
5
What is the ten thousands digit of 392721552?
2
What is the hundred millions digit of 192498730?
1
What is the millions digit of 110786550?
0
What is the tens digit of 143287554?
5
What is the hundred millions digit of 594982665?
5
What is the tens digit of 99578195?
9
What is the tens digit of 610244106?
0
What is the thousands digit of 1634128065?
8
What is the ten millions digit of 130011344?
3
What is the hundreds digit of 1903941938?
9
What is the hundred thousands digit of 133963675?
9
What is the ten thousands digit of 1365856403?
5
What is the tens digit of 89950297?
9
What is the thousands digit of 98848268?
8
What is the thousands digit of 691334893?
4
What is the hundred millions digit of 6816100598?
8
What is the ten thousands digit of 107609867?
0
What is the hundreds digit of 539046437?
4
What is the hundreds digit of 1264201077?
0
What is the ten millions digit of 509730735?
0
What is the ten thousands digit of 4513467805?
6
What is the ten thousands digit of 609031733?
3
What is the tens digit of 1469239461?
6
What is the thousands digit of 880561501?
1
What is the thousands digit of 2463781?
3
What is the thousands digit of 233713323?
3
What is the ten millions digit of 4755774041?
5
What is the tens digit of 611100241?
4
What is the millions digit of 349230887?
9
What is the millions digit of 94825458?
4
What is the millions digit of 48953946?
8
What is the ten millions digit of 61227847?
6
What is the ten thousands digit of 464219154?
1
What is the ten thousands digit of 427068955?
6
What is the units digit of 42455494?
4
What is the thousands digit of 2517435479?
5
What is the tens digit of 133490243?
4
What is the units digit of 37105814?
4
What is the thousands digit of 7351572601?
2
What is the ten thousands digit of 4609935398?
3
What is the tens digit of 1181384421?
2
What is the millions digit of 8426107?
8
What is the hundred millions digit of 109902462?
1
What is the hundred thousands digit of 275211326?
2
What is the thousands digit of 3120279963?
9
What is the hundred thousands digit of 31414850?
4
What is the hundred thousands digit of 23065954?
0
What is the ten millions digit of 96147994?
9
What is the ten thousands digit of 30446941?
4
What is the ten millions digit of 907510841?
0
What is the ten millions digit of 40636443?
4
What is the hundred thousands digit of 83308969?
3
What is the hundred thousands digit of 577548381?
5
What is the hundred millions digit of 1729815517?
7
What is the thousands digit of 886953954?
3
What is the tens digit of 5349798844?
4
What is the ten thousands digit of 937521728?
2
What is the thousands digit of 22188635?
8
What is the millions digit of 1236909323?
6
What is the millions digit of 6049746043?
9
What is the ten millions digit of 14398890?
1
What is the ten thousands digit of 78687543?
8
What is the ten millions digit of 373027914?
7
What is the tens digit of 5155724164?
6
What is the units digit of 341763204?
4
Wha